{"id":568,"date":"2017-12-31T15:32:16","date_gmt":"2017-12-31T15:32:16","guid":{"rendered":"http:\/\/winkle.pl\/?page_id=568"},"modified":"2018-01-22T09:41:23","modified_gmt":"2018-01-22T09:41:23","slug":"publikacje","status":"publish","type":"page","link":"http:\/\/winkle.pl\/?page_id=568","title":{"rendered":"Publikacje"},"content":{"rendered":"<div id=\"pl-568\"  class=\"panel-layout\" ><div id=\"pg-568-0\"  class=\"panel-grid panel-has-style\" ><div style=\"padding-top: 100px; padding-bottom: 100px; \" data-mobile-padding=\"50px\" data-overlay-color=\"#000000\" class=\"panel-row-style panel-row-style-for-568-0\" ><div id=\"pgc-568-0-0\"  class=\"panel-grid-cell\" ><div id=\"panel-568-0-0-0\" class=\"so-panel widget widget_lsow-portfolio panel-first-child panel-last-child\" data-index=\"0\" ><div style=\"text-align: left;\" data-title-color=\"#2d3142\" data-headings-color=\"#2d3142\" class=\"panel-widget-style panel-widget-style-for-568-0-0-0\" ><div\n\t\t\t\n\t\t\tclass=\"so-widget-lsow-portfolio so-widget-lsow-portfolio-default-1398c7c9e37b-568\"\n\t\t\t\n\t\t><div class=\"lsow-portfolio-wrap lsow-gapless-grid\"><div id=\"lsow-portfolio-69e42442231c2\" class=\"lsow-portfolio js-isotope lsow-fitRows lsow-grid-container  lsow-grid-desktop-4 lsow-grid-tablet-2 lsow-grid-mobile-1\" data-isotope-options='{ \"itemSelector\": \".lsow-portfolio-item\", \"layoutMode\": \"fitRows\"}'><div data-id=\"id-1540\" class=\"lsow-grid-item lsow-portfolio-item \"><article id=\"post-1540\" class=\"post-1540 publikacja type-publikacja status-publish has-post-thumbnail hentry post-item clearfix\"><div class=\"lsow-project-image\"><a href=\"http:\/\/winkle.pl\/?publikacja=1540\" target=\"_self\"><img fetchpriority=\"high\" decoding=\"async\" width=\"300\" height=\"300\" src=\"http:\/\/winkle.pl\/wp-content\/uploads\/2018\/01\/sztuka-architektury-logo.jpg\" class=\"lsow-image skip-lazy no-lazyload exclude-me a3-notlazy wp-post-image\" alt=\"\" data-no-lazy=\"1\" loading=\"eager\" srcset=\"http:\/\/winkle.pl\/wp-content\/uploads\/2018\/01\/sztuka-architektury-logo.jpg 300w, http:\/\/winkle.pl\/wp-content\/uploads\/2018\/01\/sztuka-architektury-logo-150x150.jpg 150w, http:\/\/winkle.pl\/wp-content\/uploads\/2018\/01\/sztuka-architektury-logo-200x200.jpg 200w, http:\/\/winkle.pl\/wp-content\/uploads\/2018\/01\/sztuka-architektury-logo-280x280.jpg 280w, http:\/\/winkle.pl\/wp-content\/uploads\/2018\/01\/sztuka-architektury-logo-50x50.jpg 50w\" sizes=\"(max-width: 300px) 100vw, 300px\" \/><\/a><div class=\"lsow-image-info\"><div class=\"lsow-entry-info\"><h3 class=\"lsow-post-title\"><a href=\"http:\/\/winkle.pl\/?publikacja=1540\" title=\"Biblioteka szyta na miar\u0119&#8230;\" target=\"_self\" rel=\"bookmark\">Biblioteka szyta na miar\u0119&#8230;<\/a><\/h3><\/div><\/div><!-- .lsow-image-info --><\/div><div class=\"lsow-entry-text-wrap \"><h3 class=\"entry-title\"><a href=\"http:\/\/winkle.pl\/?publikacja=1540\" title=\"Biblioteka szyta na miar\u0119&#8230;\" target=\"_self\" rel=\"bookmark\">Biblioteka szyta na miar\u0119&#8230;<\/a><\/h3><div class=\"lsow-entry-meta\"><span class=\"published\"><abbr title=\"sobota, stycze\u0144, 2018, 6:40 pm\">20 stycznia, 2018<\/abbr><\/span><\/div><\/div><\/article><!-- .hentry --><\/div><div data-id=\"id-1537\" class=\"lsow-grid-item lsow-portfolio-item \"><article id=\"post-1537\" class=\"post-1537 publikacja type-publikacja status-publish has-post-thumbnail hentry post-item clearfix\"><div class=\"lsow-project-image\"><a href=\"http:\/\/winkle.pl\/?publikacja=1537\" target=\"_self\"><img decoding=\"async\" width=\"300\" height=\"300\" src=\"http:\/\/winkle.pl\/wp-content\/uploads\/2018\/01\/sztuka-wnetrz-logo.jpg\" class=\"lsow-image skip-lazy no-lazyload exclude-me a3-notlazy wp-post-image\" alt=\"\" data-no-lazy=\"1\" loading=\"eager\" srcset=\"http:\/\/winkle.pl\/wp-content\/uploads\/2018\/01\/sztuka-wnetrz-logo.jpg 300w, http:\/\/winkle.pl\/wp-content\/uploads\/2018\/01\/sztuka-wnetrz-logo-150x150.jpg 150w, http:\/\/winkle.pl\/wp-content\/uploads\/2018\/01\/sztuka-wnetrz-logo-200x200.jpg 200w, http:\/\/winkle.pl\/wp-content\/uploads\/2018\/01\/sztuka-wnetrz-logo-280x280.jpg 280w, http:\/\/winkle.pl\/wp-content\/uploads\/2018\/01\/sztuka-wnetrz-logo-50x50.jpg 50w\" sizes=\"(max-width: 300px) 100vw, 300px\" \/><\/a><div class=\"lsow-image-info\"><div class=\"lsow-entry-info\"><h3 class=\"lsow-post-title\"><a href=\"http:\/\/winkle.pl\/?publikacja=1537\" title=\"Biblioteka Publiczna w Niepo\u0142omicach&#8230;\" target=\"_self\" rel=\"bookmark\">Biblioteka Publiczna w Niepo\u0142omicach&#8230;<\/a><\/h3><\/div><\/div><!-- .lsow-image-info --><\/div><div class=\"lsow-entry-text-wrap \"><h3 class=\"entry-title\"><a href=\"http:\/\/winkle.pl\/?publikacja=1537\" title=\"Biblioteka Publiczna w Niepo\u0142omicach&#8230;\" target=\"_self\" rel=\"bookmark\">Biblioteka Publiczna w Niepo\u0142omicach&#8230;<\/a><\/h3><div class=\"lsow-entry-meta\"><span class=\"published\"><abbr title=\"sobota, stycze\u0144, 2018, 6:11 pm\">20 stycznia, 2018<\/abbr><\/span><\/div><\/div><\/article><!-- .hentry --><\/div><div data-id=\"id-1535\" class=\"lsow-grid-item lsow-portfolio-item \"><article id=\"post-1535\" class=\"post-1535 publikacja type-publikacja status-publish has-post-thumbnail hentry post-item clearfix\"><div class=\"lsow-project-image\"><a href=\"http:\/\/winkle.pl\/?publikacja=mial-byc-hotel-a-powstalo-wyjatkowe-centrum-z-biblioteka-to-projekt-winkle\" target=\"_self\"><img decoding=\"async\" width=\"300\" height=\"300\" src=\"http:\/\/winkle.pl\/wp-content\/uploads\/2018\/01\/propertydesign-logo.jpg\" class=\"lsow-image skip-lazy no-lazyload exclude-me a3-notlazy wp-post-image\" alt=\"\" data-no-lazy=\"1\" loading=\"eager\" srcset=\"http:\/\/winkle.pl\/wp-content\/uploads\/2018\/01\/propertydesign-logo.jpg 300w, http:\/\/winkle.pl\/wp-content\/uploads\/2018\/01\/propertydesign-logo-150x150.jpg 150w, http:\/\/winkle.pl\/wp-content\/uploads\/2018\/01\/propertydesign-logo-200x200.jpg 200w, http:\/\/winkle.pl\/wp-content\/uploads\/2018\/01\/propertydesign-logo-280x280.jpg 280w, http:\/\/winkle.pl\/wp-content\/uploads\/2018\/01\/propertydesign-logo-50x50.jpg 50w\" sizes=\"(max-width: 300px) 100vw, 300px\" \/><\/a><div class=\"lsow-image-info\"><div class=\"lsow-entry-info\"><h3 class=\"lsow-post-title\"><a href=\"http:\/\/winkle.pl\/?publikacja=mial-byc-hotel-a-powstalo-wyjatkowe-centrum-z-biblioteka-to-projekt-winkle\" title=\"Mia\u0142 by\u0107 hotel, a powsta\u0142o wyj\u0105tkowe centrum z bibliotek\u0105&#8230;\" target=\"_self\" rel=\"bookmark\">Mia\u0142 by\u0107 hotel, a powsta\u0142o wyj\u0105tkowe centrum z bibliotek\u0105&#8230;<\/a><\/h3><\/div><\/div><!-- .lsow-image-info --><\/div><div class=\"lsow-entry-text-wrap \"><h3 class=\"entry-title\"><a href=\"http:\/\/winkle.pl\/?publikacja=mial-byc-hotel-a-powstalo-wyjatkowe-centrum-z-biblioteka-to-projekt-winkle\" title=\"Mia\u0142 by\u0107 hotel, a powsta\u0142o wyj\u0105tkowe centrum z bibliotek\u0105&#8230;\" target=\"_self\" rel=\"bookmark\">Mia\u0142 by\u0107 hotel, a powsta\u0142o wyj\u0105tkowe centrum z bibliotek\u0105&#8230;<\/a><\/h3><div class=\"lsow-entry-meta\"><span class=\"published\"><abbr title=\"sobota, stycze\u0144, 2018, 5:49 pm\">20 stycznia, 2018<\/abbr><\/span><\/div><\/div><\/article><!-- .hentry --><\/div><div data-id=\"id-1526\" class=\"lsow-grid-item lsow-portfolio-item \"><article id=\"post-1526\" class=\"post-1526 publikacja type-publikacja status-publish has-post-thumbnail hentry post-item clearfix\"><div class=\"lsow-project-image\"><a href=\"http:\/\/winkle.pl\/?publikacja=archivements-of-meds-bucharest-city-of-contrasts\" target=\"_self\"><img decoding=\"async\" width=\"280\" height=\"280\" src=\"http:\/\/winkle.pl\/wp-content\/uploads\/2018\/01\/MEDS-publikacja-winkle.jpg\" class=\"lsow-image skip-lazy no-lazyload exclude-me a3-notlazy wp-post-image\" alt=\"\" data-no-lazy=\"1\" loading=\"eager\" srcset=\"http:\/\/winkle.pl\/wp-content\/uploads\/2018\/01\/MEDS-publikacja-winkle.jpg 280w, http:\/\/winkle.pl\/wp-content\/uploads\/2018\/01\/MEDS-publikacja-winkle-150x150.jpg 150w, http:\/\/winkle.pl\/wp-content\/uploads\/2018\/01\/MEDS-publikacja-winkle-200x200.jpg 200w, http:\/\/winkle.pl\/wp-content\/uploads\/2018\/01\/MEDS-publikacja-winkle-50x50.jpg 50w\" sizes=\"(max-width: 280px) 100vw, 280px\" \/><\/a><div class=\"lsow-image-info\"><div class=\"lsow-entry-info\"><h3 class=\"lsow-post-title\"><a href=\"http:\/\/winkle.pl\/?publikacja=archivements-of-meds-bucharest-city-of-contrasts\" title=\"Archivements of MEDS Bucharest &#8222;CITY OF CONTRASTS&#8221;\" target=\"_self\" rel=\"bookmark\">Archivements of MEDS Bucharest &#8222;CITY OF CONTRASTS&#8221;<\/a><\/h3><\/div><\/div><!-- .lsow-image-info --><\/div><div class=\"lsow-entry-text-wrap \"><h3 class=\"entry-title\"><a href=\"http:\/\/winkle.pl\/?publikacja=archivements-of-meds-bucharest-city-of-contrasts\" title=\"Archivements of MEDS Bucharest &#8222;CITY OF CONTRASTS&#8221;\" target=\"_self\" rel=\"bookmark\">Archivements of MEDS Bucharest &#8222;CITY OF CONTRASTS&#8221;<\/a><\/h3><div class=\"lsow-entry-meta\"><span class=\"published\"><abbr title=\"czwartek, sierpie\u0144, 2016, 10:36 am\">11 sierpnia, 2016<\/abbr><\/span><\/div><\/div><\/article><!-- .hentry --><\/div><div data-id=\"id-1306\" class=\"lsow-grid-item lsow-portfolio-item \"><article id=\"post-1306\" class=\"post-1306 publikacja type-publikacja status-publish has-post-thumbnail hentry post-item clearfix\"><div class=\"lsow-project-image\"><a href=\"http:\/\/winkle.pl\/?publikacja=made-in-poland-dobra-przestrzen-dla-dzieci\" target=\"_self\"><img decoding=\"async\" width=\"300\" height=\"300\" src=\"http:\/\/winkle.pl\/wp-content\/uploads\/2018\/01\/pracownia-k-logo.jpg\" class=\"lsow-image skip-lazy no-lazyload exclude-me a3-notlazy wp-post-image\" alt=\"\" data-no-lazy=\"1\" loading=\"eager\" srcset=\"http:\/\/winkle.pl\/wp-content\/uploads\/2018\/01\/pracownia-k-logo.jpg 300w, http:\/\/winkle.pl\/wp-content\/uploads\/2018\/01\/pracownia-k-logo-150x150.jpg 150w, http:\/\/winkle.pl\/wp-content\/uploads\/2018\/01\/pracownia-k-logo-200x200.jpg 200w, http:\/\/winkle.pl\/wp-content\/uploads\/2018\/01\/pracownia-k-logo-280x280.jpg 280w, http:\/\/winkle.pl\/wp-content\/uploads\/2018\/01\/pracownia-k-logo-50x50.jpg 50w\" sizes=\"(max-width: 300px) 100vw, 300px\" \/><\/a><div class=\"lsow-image-info\"><div class=\"lsow-entry-info\"><h3 class=\"lsow-post-title\"><a href=\"http:\/\/winkle.pl\/?publikacja=made-in-poland-dobra-przestrzen-dla-dzieci\" title=\"Made in Poland. Dobra przestrze\u0144 dla dzieci\" target=\"_self\" rel=\"bookmark\">Made in Poland. Dobra przestrze\u0144 dla dzieci<\/a><\/h3><\/div><\/div><!-- .lsow-image-info --><\/div><div class=\"lsow-entry-text-wrap \"><h3 class=\"entry-title\"><a href=\"http:\/\/winkle.pl\/?publikacja=made-in-poland-dobra-przestrzen-dla-dzieci\" title=\"Made in Poland. Dobra przestrze\u0144 dla dzieci\" target=\"_self\" rel=\"bookmark\">Made in Poland. Dobra przestrze\u0144 dla dzieci<\/a><\/h3><div class=\"lsow-entry-meta\"><span class=\"published\"><abbr title=\"poniedzia\u0142ek, luty, 2016, 1:43 pm\">22 lutego, 2016<\/abbr><\/span><\/div><\/div><\/article><!-- .hentry --><\/div><div data-id=\"id-688\" class=\"lsow-grid-item lsow-portfolio-item \"><article id=\"post-688\" class=\"post-688 publikacja type-publikacja status-publish has-post-thumbnail hentry post-item clearfix\"><div class=\"lsow-project-image\"><a href=\"http:\/\/winkle.pl\/?publikacja=property-design\" target=\"_self\"><img decoding=\"async\" width=\"300\" height=\"300\" src=\"http:\/\/winkle.pl\/wp-content\/uploads\/2018\/01\/propertydesign-logo.jpg\" class=\"lsow-image skip-lazy no-lazyload exclude-me a3-notlazy wp-post-image\" alt=\"\" data-no-lazy=\"1\" loading=\"eager\" srcset=\"http:\/\/winkle.pl\/wp-content\/uploads\/2018\/01\/propertydesign-logo.jpg 300w, http:\/\/winkle.pl\/wp-content\/uploads\/2018\/01\/propertydesign-logo-150x150.jpg 150w, http:\/\/winkle.pl\/wp-content\/uploads\/2018\/01\/propertydesign-logo-200x200.jpg 200w, http:\/\/winkle.pl\/wp-content\/uploads\/2018\/01\/propertydesign-logo-280x280.jpg 280w, http:\/\/winkle.pl\/wp-content\/uploads\/2018\/01\/propertydesign-logo-50x50.jpg 50w\" sizes=\"(max-width: 300px) 100vw, 300px\" \/><\/a><div class=\"lsow-image-info\"><div class=\"lsow-entry-info\"><h3 class=\"lsow-post-title\"><a href=\"http:\/\/winkle.pl\/?publikacja=property-design\" title=\"Niezwyk\u0142a metamorfoza Domu Kultury Inspiro&#8230;\" target=\"_self\" rel=\"bookmark\">Niezwyk\u0142a metamorfoza Domu Kultury Inspiro&#8230;<\/a><\/h3><\/div><\/div><!-- .lsow-image-info --><\/div><div class=\"lsow-entry-text-wrap \"><h3 class=\"entry-title\"><a href=\"http:\/\/winkle.pl\/?publikacja=property-design\" title=\"Niezwyk\u0142a metamorfoza Domu Kultury Inspiro&#8230;\" target=\"_self\" rel=\"bookmark\">Niezwyk\u0142a metamorfoza Domu Kultury Inspiro&#8230;<\/a><\/h3><div class=\"lsow-entry-meta\"><span class=\"published\"><abbr title=\"pi\u0105tek, marzec, 2015, 3:40 pm\">6 marca, 2015<\/abbr><\/span><\/div><\/div><\/article><!-- .hentry --><\/div><div data-id=\"id-687\" class=\"lsow-grid-item lsow-portfolio-item \"><article id=\"post-687\" class=\"post-687 publikacja type-publikacja status-publish has-post-thumbnail hentry post-item clearfix\"><div class=\"lsow-project-image\"><a href=\"http:\/\/winkle.pl\/?publikacja=architektura-murator\" target=\"_self\"><img decoding=\"async\" width=\"300\" height=\"300\" src=\"http:\/\/winkle.pl\/wp-content\/uploads\/2018\/01\/architektura-murator-logo.jpg\" class=\"lsow-image skip-lazy no-lazyload exclude-me a3-notlazy wp-post-image\" alt=\"\" data-no-lazy=\"1\" loading=\"eager\" srcset=\"http:\/\/winkle.pl\/wp-content\/uploads\/2018\/01\/architektura-murator-logo.jpg 300w, http:\/\/winkle.pl\/wp-content\/uploads\/2018\/01\/architektura-murator-logo-150x150.jpg 150w, http:\/\/winkle.pl\/wp-content\/uploads\/2018\/01\/architektura-murator-logo-200x200.jpg 200w, http:\/\/winkle.pl\/wp-content\/uploads\/2018\/01\/architektura-murator-logo-280x280.jpg 280w, http:\/\/winkle.pl\/wp-content\/uploads\/2018\/01\/architektura-murator-logo-50x50.jpg 50w\" sizes=\"(max-width: 300px) 100vw, 300px\" \/><\/a><div class=\"lsow-image-info\"><div class=\"lsow-entry-info\"><h3 class=\"lsow-post-title\"><a href=\"http:\/\/winkle.pl\/?publikacja=architektura-murator\" title=\"Dom Kultury INSPIRO w Pod\u0142\u0119\u017cu&#8230;\" target=\"_self\" rel=\"bookmark\">Dom Kultury INSPIRO w Pod\u0142\u0119\u017cu&#8230;<\/a><\/h3><\/div><\/div><!-- .lsow-image-info --><\/div><div class=\"lsow-entry-text-wrap \"><h3 class=\"entry-title\"><a href=\"http:\/\/winkle.pl\/?publikacja=architektura-murator\" title=\"Dom Kultury INSPIRO w Pod\u0142\u0119\u017cu&#8230;\" target=\"_self\" rel=\"bookmark\">Dom Kultury INSPIRO w Pod\u0142\u0119\u017cu&#8230;<\/a><\/h3><div class=\"lsow-entry-meta\"><span class=\"published\"><abbr title=\"wtorek, grudzie\u0144, 2014, 3:39 pm\">2 grudnia, 2014<\/abbr><\/span><\/div><\/div><\/article><!-- .hentry --><\/div><div data-id=\"id-719\" class=\"lsow-grid-item lsow-portfolio-item \"><article id=\"post-719\" class=\"post-719 publikacja type-publikacja status-publish has-post-thumbnail hentry post-item clearfix\"><div class=\"lsow-project-image\"><a href=\"http:\/\/winkle.pl\/?publikacja=www-sztuka-architektury-pl\" target=\"_self\"><img decoding=\"async\" width=\"300\" height=\"300\" src=\"http:\/\/winkle.pl\/wp-content\/uploads\/2018\/01\/sztuka-wnetrz-logo.jpg\" class=\"lsow-image skip-lazy no-lazyload exclude-me a3-notlazy wp-post-image\" alt=\"\" data-no-lazy=\"1\" loading=\"eager\" srcset=\"http:\/\/winkle.pl\/wp-content\/uploads\/2018\/01\/sztuka-wnetrz-logo.jpg 300w, http:\/\/winkle.pl\/wp-content\/uploads\/2018\/01\/sztuka-wnetrz-logo-150x150.jpg 150w, http:\/\/winkle.pl\/wp-content\/uploads\/2018\/01\/sztuka-wnetrz-logo-200x200.jpg 200w, http:\/\/winkle.pl\/wp-content\/uploads\/2018\/01\/sztuka-wnetrz-logo-280x280.jpg 280w, http:\/\/winkle.pl\/wp-content\/uploads\/2018\/01\/sztuka-wnetrz-logo-50x50.jpg 50w\" sizes=\"(max-width: 300px) 100vw, 300px\" \/><\/a><div class=\"lsow-image-info\"><div class=\"lsow-entry-info\"><h3 class=\"lsow-post-title\"><a href=\"http:\/\/winkle.pl\/?publikacja=www-sztuka-architektury-pl\" title=\"Wn\u0119trza Domu Kultury INSPIRO w Pod\u0142\u0119\u017cu&#8230;\" target=\"_self\" rel=\"bookmark\">Wn\u0119trza Domu Kultury INSPIRO w Pod\u0142\u0119\u017cu&#8230;<\/a><\/h3><\/div><\/div><!-- .lsow-image-info --><\/div><div class=\"lsow-entry-text-wrap \"><h3 class=\"entry-title\"><a href=\"http:\/\/winkle.pl\/?publikacja=www-sztuka-architektury-pl\" title=\"Wn\u0119trza Domu Kultury INSPIRO w Pod\u0142\u0119\u017cu&#8230;\" target=\"_self\" rel=\"bookmark\">Wn\u0119trza Domu Kultury INSPIRO w Pod\u0142\u0119\u017cu&#8230;<\/a><\/h3><div class=\"lsow-entry-meta\"><span class=\"published\"><abbr title=\"czwartek, sierpie\u0144, 2014, 4:37 pm\">21 sierpnia, 2014<\/abbr><\/span><\/div><\/div><\/article><!-- .hentry --><\/div><div data-id=\"id-718\" class=\"lsow-grid-item lsow-portfolio-item \"><article id=\"post-718\" class=\"post-718 publikacja type-publikacja status-publish has-post-thumbnail hentry post-item clearfix\"><div class=\"lsow-project-image\"><a href=\"http:\/\/winkle.pl\/?publikacja=www-bryla-pl\" target=\"_self\"><img decoding=\"async\" width=\"300\" height=\"300\" src=\"http:\/\/winkle.pl\/wp-content\/uploads\/2018\/01\/bryla_logo.jpg\" class=\"lsow-image skip-lazy no-lazyload exclude-me a3-notlazy wp-post-image\" alt=\"\" data-no-lazy=\"1\" loading=\"eager\" srcset=\"http:\/\/winkle.pl\/wp-content\/uploads\/2018\/01\/bryla_logo.jpg 300w, http:\/\/winkle.pl\/wp-content\/uploads\/2018\/01\/bryla_logo-150x150.jpg 150w, http:\/\/winkle.pl\/wp-content\/uploads\/2018\/01\/bryla_logo-200x200.jpg 200w, http:\/\/winkle.pl\/wp-content\/uploads\/2018\/01\/bryla_logo-280x280.jpg 280w, http:\/\/winkle.pl\/wp-content\/uploads\/2018\/01\/bryla_logo-50x50.jpg 50w\" sizes=\"(max-width: 300px) 100vw, 300px\" \/><\/a><div class=\"lsow-image-info\"><div class=\"lsow-entry-info\"><h3 class=\"lsow-post-title\"><a href=\"http:\/\/winkle.pl\/?publikacja=www-bryla-pl\" title=\"Dom Kultury pod Krakowem. Niezwyk\u0142a metamorfoza!&#8230;\" target=\"_self\" rel=\"bookmark\">Dom Kultury pod Krakowem. Niezwyk\u0142a metamorfoza!&#8230;<\/a><\/h3><\/div><\/div><!-- .lsow-image-info --><\/div><div class=\"lsow-entry-text-wrap \"><h3 class=\"entry-title\"><a href=\"http:\/\/winkle.pl\/?publikacja=www-bryla-pl\" title=\"Dom Kultury pod Krakowem. Niezwyk\u0142a metamorfoza!&#8230;\" target=\"_self\" rel=\"bookmark\">Dom Kultury pod Krakowem. Niezwyk\u0142a metamorfoza!&#8230;<\/a><\/h3><div class=\"lsow-entry-meta\"><span class=\"published\"><abbr title=\"\u015broda, sierpie\u0144, 2014, 4:37 pm\">13 sierpnia, 2014<\/abbr><\/span><\/div><\/div><\/article><!-- .hentry --><\/div><\/div><!-- .lsow-portfolio --><\/div><!-- .lsow-portfolio-wrap --><\/div><\/div><\/div><\/div><\/div><\/div><\/div>","protected":false},"excerpt":{"rendered":"","protected":false},"author":1,"featured_media":0,"parent":0,"menu_order":2,"comment_status":"closed","ping_status":"closed","template":"page-templates\/template_page-builder.php","meta":{"jetpack_post_was_ever_published":false,"footnotes":""},"jetpack_sharing_enabled":true,"jetpack_shortlink":"https:\/\/wp.me\/P9vL7T-9a","_links":{"self":[{"href":"http:\/\/winkle.pl\/index.php?rest_route=\/wp\/v2\/pages\/568"}],"collection":[{"href":"http:\/\/winkle.pl\/index.php?rest_route=\/wp\/v2\/pages"}],"about":[{"href":"http:\/\/winkle.pl\/index.php?rest_route=\/wp\/v2\/types\/page"}],"author":[{"embeddable":true,"href":"http:\/\/winkle.pl\/index.php?rest_route=\/wp\/v2\/users\/1"}],"replies":[{"embeddable":true,"href":"http:\/\/winkle.pl\/index.php?rest_route=%2Fwp%2Fv2%2Fcomments&post=568"}],"version-history":[{"count":33,"href":"http:\/\/winkle.pl\/index.php?rest_route=\/wp\/v2\/pages\/568\/revisions"}],"predecessor-version":[{"id":1550,"href":"http:\/\/winkle.pl\/index.php?rest_route=\/wp\/v2\/pages\/568\/revisions\/1550"}],"wp:attachment":[{"href":"http:\/\/winkle.pl\/index.php?rest_route=%2Fwp%2Fv2%2Fmedia&parent=568"}],"curies":[{"name":"wp","href":"https:\/\/api.w.org\/{rel}","templated":true}]}}